5?
424423
In base 13, what is -13 + -6c97?
-6caa
In base 6, what is -5341 + -131?
-5512
In base 10, what is 0 + 11275?
11275
In base 7, what is -1 + -2524?
-2525
In base 14, what is -4141 + -59?
-419a
In base 5, what is -200030 - 3?
-200033
In base 3, what is -1112202220 - 1?
-1112202221
In base 9, what is 212302 - 0?
212302
In base 15, what is 2a2 + a?
2ac
In base 14, what is 2 - 3306?
-3304
In base 15, what is -3 - -de2a?
de27
In base 2, what is -1011101100 - -100001?
-1011001011
In base 4, what is -221 - -1220?
333
In base 5, what is -30 + 2440440?
2440410
In base 12, what is 136 + 54?
18a
In base 3, what is 10012 - -1010211?
1021000
In base 9, what is -7460 + -5?
-7465
In base 4, what is 3103 + -21202?
-12033
In base 16, what is -79970 + 0?
-79970
In base 6, what is -3 - 55523252?
-55523255
In base 14, what is 1 + 13240?
13241
In base 10, what is -210 - -4?
-206
In base 11, what is 309a - -8?
30a7
In base 13, what is 728a + -c0?
719a
In base 12, what is -79 - 60?
-119
In base 13, what is -3ab + -9?
-3b7
In base 11, what is 6405a + -6?
64054
In base 16, what is -be - 247?
-305
In base 9, what is 45 - -5027?
5073
In base 6, what is -5 + -342032?
-342041
In base 6, what is -124 - -2213?
2045
In base 6, what is 2204500 + 2?
2204502
In base 13, what is 315b - -40?
319b
In base 12, what is -86 - 1a09?
-1a93
In base 12, what is 64a1 + -2?
649b
In base 14, what is -4ab + -184?
-651
In base 7, what is 65102113 - -4?
65102120
In base 15, what is 1b8c - -5?
1b92
In base 5, what is 101 - 34020?
-33414
In base 2, what is -10100 - 11001110010110?
-11001110101010
In base 7, what is -151602 - 0?
-151602
In base 2, what is -101 - -110001101000?
110001100011
In base 10, what is -6572 - 18?
-6590
In base 12, what is 108 + 81?
189
In base 8, what is -4 - 235435?
-235441
In base 12, what is -19356 + a?
-19348
In base 5, what is -3142 - -101?
-3041
In base 5, what is 32 - -12031?
12113
In base 10, what is -498827 + 0?
-498827
In base 4, what is -23323020 + 13?
-23323001
In base 10, what is 459 - 60?
399
In base 3, what is 12010012 + 2222?
12020011
In base 4, what is -121 - -10133231?
10133110
In base 10, what is 27 - -161?
188
In base 11, what is -2 - 41799?
-417a0
In base 15, what is 5 + -b917?
-b912
In base 12, what is 0 - 33336?
-33336
In base 3, what is 102 + 122122010?
122122112
In base 10, what is -2 - -53188?
53186
In base 8, what is 4 - 221716?
-221712
In base 15, what is 25 - 36c?
-347
In base 12, what is -111b + -65?
-1184
In base 2, what is 11 - -1011001011101000?
1011001011101011
In base 14, what is 3a6 + -35c?
48
In base 15, what is 17aa - 63?
1747
In base 12, what is 132723 + 3?
132726
In base 11, what is -9aa3 + -6?
-9aa9
In base 14, what is 17c + -77?
105
In base 4, what is 21103131 + -10?
21103121
In base 11, what is -16 + -49a?
-505
In base 15, what is -2d0 - -907?
627
In base 13, what is -29619 - 3?
-2961c
In base 12, what is -2 - -30b6?
30b4
In base 16, what is -c86e5 - 5?
-c86ea
In base 14, what is 352 + b96?
1108
In base 9, what is 2508 + -338?
2160
In base 3, what is -20 - -2211212211?
2211212121
In base 5, what is -2003 + -2312?
-4320
In base 4, what is -2231 + -13231?
-22122
In base 11, what is -655 - -14?
-641
In base 3, what is -1002 + -102201?
-110210
In base 2, what is -1000 + 10001010110101?
10001010101101
In base 10, what is 13597 + -40?
13557
In base 2, what is -11110000110 - 10010?
-11110011000
In base 6, what is -213 - -1454?
1241
In base 11, what is -4 + -a121?
-a125
In base 10, what is -282073 + 3?
-282070
In base 6, what is -5 - 345421?
-345430
In base 2, what is 1011001101000 + -1011101?
1011000001011
In base 9, what is 142007 + 4?
142012
In base 2, what is -1011001111010000 - 1?
-1011001111010001
In base 8, what is -3 + 134351?
134346
In base 8, what is -117352 - -11?
-117341
In base 6, what is 1210 - 1135?
31
In base 12, what is 11a + -b8a?
-a70
In base 16, what is a + c5a5?
c5af
In base 2, what is -11110011 + -111?
-11111010
In base 12, what is -12714 - 12?
-12726
In base 6, what is -135 + 14105?
13530
In base 7, what is -5 - 2241044?
-2241052
In base 9, what is -12 + 2441?
2428
In base 9, what is -1182 + -110?
-1302
In base 9, what is -1028 + -2173?
-3212
In base 4, what is 11 + 11023012?
11023023
In base 7, what is 25200 - -155?
25355
In base 15, what is 50 + b0?
110
In base 10, what is -8 - 79094?
-79102
In base 9, what is 315184 + -1?
315183
In base 8, what is 712635 - -3?
712640
In base 15, what is 74ec1 - 6?
74eba
In base 7, what is -1 + 162445?
162444
In base 14, what is 1503c - -1?
1503d
In base 8, what is 2 - -31214?
31216
In base 9, what is -10 + 174681?
174671
In base 9, what is -165 + 264?
88
In base 6, what is 5235 + -353?
4442
In base 9, what is -4 + 25030?
25025
In base 2, what is 11110000011 + 110110?
11110111001
In base 2, what is -1001100101011 - -101?
-1001100100110
In base 13, what is -6 - 515?
-51b
In base 3, what is 1220221021 - -12?
1220221110
In base 10, what is 6393 + -71?
6322
In base 14, what is 6327 - 1?
6326
In base 9, what is 112358 + 37?
112406
In base 6, what is -201254 + -5?
-201303
In base 6, what is -2334 - 5?
-2343
In base 9, what is -7776 - -25?
-7751
In base 5, what is -10 + -100133103?
-100133113
In base 8, what is 4703270 - -2?
4703272
In base 4, what is 320100323 + 12?
320101001
In base 7, what is 3 - 103022?
-103016
In base 12, what is 12b530 - 4?
12b528
In base 13, what is -6 - -10b217?
10b211
In base 15, what is 4 + -2e855?
-2e851
In base 8, what is -3435612 - -5?
-3435605
In base 14, what is -2 + 8d894?
8d892
In base 9, what is -72 + 884?
812
In base 13, what is -1 - 63c?
-640
In base 3, what is -10002 - 1012211110?
-1012221112
In base 12, what is -a54298 - -2?
-a54296
In base 8, what is -131 - -62261?
62130
In base 14, what is 44 - 83?
-3d
In base 6, what is -300 + -113?
-413
In base 13, what is -151 + 95?
-89
In base 11, what is -3610 + -118?
-3728
In base 10, what is -35644 - -20?
-35624
In base 8, what is -711 + 23?
-666
In base 6, what is 20 + -43321?
-43301
In base 3, what is 222121 + 1021100?
2020221
In base 13, what is -25b4 + 12?
-25a2
In base 3, what is 2 - 11102211202?
-11102211200
In base 3, what is 202220020 - 110?
202212210
In base 4, what is 1100 + -2330320?
-2323220
In base 13, what is 501b - 3?
5018
In base 2, what is 10110000000101 + 10111?
10110000011100
In base 11, what is 605a + -2?
6058
In base 4, what is -102300321 + -2?
-102300323
In base 11, what is -2 - 7a55?
-7a57
In base 11, what is -7705 + 16?
-769a
In base 15, what is -10a4d - 7?
-10a55
In base 14, what is -13c + 83?
-99
In base 6, what is 420 - 4043?
-3223
In base 3, what is 0 + -102111112222?
-102111112222
In base 7, what is -4 + -141652?
-141656
In base 11, what is 11628 - -4a?
11677
In base 5, what is -102 - -22303033?
22302431
In base 2, what is 0 - -10010010010001110011?
10010010010001110011
In base 15, what is -2da + 38?
-2a2
In base 5, what is -123310234 - -2?
-123310232
In base 5, what is 1 + 133231413?
133231414
In base 7, what is 433015 + 3?
433021
In base 7, what is -116 - 136536?
-136655
In base 15, what is 23959 + -4?
23955
In base 15, what is 4 + 1cd6?
1cda
In base 5, what is 1104 - -3004?
4113
In base 6, what is 120455 - 0?
120455
In base 8, what is 2631100 + -5?
2631073
In base 2, what is -11110001010 + -1001?
-11110010011
In base 8, what is -1 + -2563401?
-2563402
In base 15, what is -251 + 2e7e?
2c2d
In base 9, what is 5 - -1184461?
1184466
In base 15, what is -231 - a23?
-c54
In base 9, what is -21 - 33632?
-33653
In base 13, what is -720 - -1a?
-703
In base 2, what is 1000010011101101101100 + 11?
1000010011101101101111
In base 16, what is -2e + 5def?
5dc1
In base 9, what is 510 + -10?
500
In base 2, what is 101 + -111110010010000?
-111110010001011
In base 11, what is -248 + 251?
4
In base 4, what is -20003133 - 302?
-20010101
In base 10, what is 299 - -141?
440
In base 14, what is 105 - -492?
597
In base 9, what is 65 + 1370?
1445
In base 2, what is 100 + -111111110001000?
-111111110000100
In base 13, what is -43 - 110b?
-1151
In base 9, what is 6 - 6485?
-6478
In base 13, what is -3 + 1c886?
1c883
In base 14, what is -32384 + -4?
-32388
In base 14, what is -14331 - 12?
-14343
In base 11, what is -4 - 159945?
-159949
In base 11, what is 27 - -369?
395
In base 4, what is 1